 80 = c. Let m = c + 76. What is the greatest common factor of m and 12?
12
Suppose 2*y - j - 3 = 7, 5*j = -5*y + 40. Calculate the highest common factor of y and 4.
2
Let z = 191 + -136. Calculate the greatest common factor of 11 and z.
11
Suppose 3*q - b = -2*q + 47, -17 = -2*q + b. Calculate the highest common divisor of 2 and q.
2
Suppose l - 10 = 10. Suppose -o + l = 4*o. Let z be -1 - (1 + -2)*11. What is the highest common divisor of z and o?
2
Let f(l) = l**2 - l. Let b be f(-4). Suppose 5*x = 3 + 2. Let z = x - -7. Calculate the highest common divisor of b and z.
4
Suppose -3*j + 2*j + 45 = 0. What is the greatest common divisor of j and 15?
15
Suppose -2*w = 2*c - 16, -3*c + 17 = -2*w - 7. Let q(p) = 2*p**2 - 9*p + 4. Let m be q(c). Calculate the highest common divisor of 15 and m.
15
Let i = 2 - -4. Suppose 0 = -4*u + i*u - 54. Suppose 3*y = 0, -5*d = -3*d + 3*y - 6. What is the highest common factor of u and d?
3
Suppose 318 = 4*f + 58. Calculate the greatest common divisor of 13 and f.
13
Suppose -3*u + 5*a + 730 = 0, 4*a + 164 - 1356 = -5*u. Suppose 5*r - u = -0*r. Let b be (r/10)/(1/5). Calculate the greatest common factor of 60 and b.
12
Suppose -575 = -8*c + 3*c. Suppose -3*d + 7 = c. Let v = -24 - d. Calculate the greatest common divisor of 48 and v.
12
Suppose 0 = -5*p - 6 + 26. Suppose -p - 1 = -5*a. What is the highest common factor of 9 and a?
1
Let o be (-12 + 16/4)*9/(-4). Calculate the highest common divisor of 144 and o.
18
Let d(m) = m + 3. Let x(f) = 2*f + 6. Let o be x(-5). Let k be d(o). Let i be 7 + 0 - 0 - k. What is the highest common factor of 4 and i?
4
Suppose -5*i + 4*f = -69, 0*i = -2*i - f + 25. Let c = i - 7. Let k = -53 + 77. Calculate the greatest common factor of k and c.
6
Let u = -24 - -27. What is the highest common divisor of u and 24?
3
Suppose -9*h = -10*h + 17. Calculate the highest common divisor of 119 and h.
17
Suppose 5*l = 3*l + 32. Calculate the greatest common divisor of 2 and l.
2
Let w = 8 + 4. Let c(g) = -47*g**2 + 1 - g + 59*g**2 + 2. Let n be c(3). What is the greatest common divisor of w and n?
12
Let p(c) = -c**2 + 10*c + 22. Let k be p(11). What is the greatest common divisor of 33 and k?
11
Suppose -3*b + 5*f = -97, -5*f = 5*b + 26 - 121. What is the highest common divisor of 32 and b?
8
Let d be (-2)/4 + 145/10. What is the greatest common factor of d and 21?
7
Let r be 1/((-2)/(-18)*3). Suppose r*p = -2 - 1. Let b be p/((1 - -2)/(-57)). What is the highest common divisor of b and 76?
19
Suppose 0 = -g - 0*g + 2*f + 56, -5*g - 3*f + 306 = 0. Suppose p + 12 = 2*q - 7, q - 27 = -3*p. What is the highest common factor of g and q?
12
Let h = -3 - -4. Let m be 20*(-2)/(-24)*(-12 + 15). What is the highest common factor of h and m?
1
Let o(w) = 2*w**2 + 10*w + 14. Let r be o(-6). What is the greatest common divisor of r and 234?
26
Suppose 5*l = -0*l + 280. What is the greatest common divisor of 16 and l?
8
Let t(n) = n**2 + 12*n + 13. Let m = 4 - 15. Let i be t(m). Suppose 63 = -f + 6*f + b, -i*b + 30 = 2*f. Calculate the greatest common divisor of f and 36.
12
Let i(s) = -48*s + 6. Let k be i(-3). Let n = k + -3. Calculate the greatest common factor of n and 21.
21
Let n = 186 - 174. Calculate the greatest common factor of n and 228.
12
Let g be 2 + 2/(10/965). Calculate the highest common factor of g and 78.
39
Let b(o) = 48*o + 1. Let q be b(1). Suppose -21 = -2*d - 7. Calculate the greatest common divisor of d and q.
7
Suppose 0*i = -2*b + 4*i + 432, -4*b + 890 = 5*i. Calculate the greatest common factor of b and 20.
20
Let a be (-38)/(-10) - (-8)/40. Suppose k - a*m = 124, -k + 5*m = 2*k - 337. What is the highest common factor of 13 and k?
13
Suppose v = -3 + 7. What is the highest common divisor of v and 12?
4
Suppose -5*b + 0*h + 183 = -h, b - 27 = -3*h. Let l(q) = 25*q**2 - 2*q + 1. Let f be l(1). What is the greatest common divisor of f and b?
12
Let k(d) = d**2 + 3*d + 2. Let i be k(-1). Suppose 0 = -i*g - 5*g + 190. What is the highest common divisor of 19 and g?
19
Let x be 4/3*(-9)/(-2). Suppose -x*t + 2*t = -40. Let y be (-24)/t*(-40)/6. What is the greatest common divisor of 32 and y?
16
Suppose -3*t = -19*t + 1008. What is the greatest common factor of t and 7?
7
Suppose -4*j + 15 = -17. Let v(a) = a + 7. Let t be v(6). Let d = t - 12. Calculate the greatest common divisor of d and j.
1
Suppose l - j = -25, 0*l - 2*j - 46 = 2*l. Let h = l - -92. Suppose 3*g + 56 = 4*r, -r - 4*r - 5*g = -105. What is the greatest common divisor of r and h?
17
Let k(c) = 5*c - 38. Let v be k(10). What is the highest common divisor of v and 312?
12
Suppose 97 - 12 = w. Calculate the highest common divisor of w and 34.
17
Let s(x) = 10*x - 1. Let b be s(2). What is the highest common divisor of b and 76?
19
Suppose 0 = -5*t + 25, 4*o + 35 = 5*t + 2. Let y be (0 - -12)*(-7)/o. What is the greatest common divisor of y and 28?
14
Let a(k) = k - 6. Let z be a(7). Suppose -3*v = -0*v - 18. Suppose -3*u + v = -21. Calculate the greatest common divisor of u and z.
1
Let z(r) = r**3 + 5*r**2 - 3*r + 4. Let m be z(3). Suppose 46 = -2*a - 4*o, 78 + 61 = -5*a - 4*o. Let g = a + m. What is the greatest common factor of g and 24?
12
Suppose z + 30 = 3*l, -72 = -5*l + 4*z - 22. Suppose 5*r = 3*f - 30, 3*f - r + 3 = 33. Calculate the highest common factor of l and f.
10
Let y(t) = -t**2 + 7*t - 5. Suppose -r + 15 = 2*r, 3*w - 5 = 2*r. Let g be y(w). Calculate the greatest common factor of 40 and g.
5
Let a be 2/5 + (-133)/(-5). Let y = a - 17. Calculate the highest common divisor of y and 10.
10
Let b(y) = -y**3 + 6*y**2 - 5*y + 4. Let h be b(5). Suppose -h*x + 78 = -x. Calculate the highest common divisor of 208 and x.
26
Let k(u) = -u**2 + 16*u + 42. Let f be k(18). Let s = 2 + 16. Calculate the highest common factor of f and s.
6
Suppose -8*m = -3*m - 165. Calculate the greatest common factor of m and 3.
3
Let j be 45/2 - (-2)/4. Let d = j - 68. Let z be 1/((-48)/d + -1). What is the greatest common divisor of z and 30?
15
Let h(u) = -u**2 + 0*u**2 + 5*u + 6*u + 2*u + 2. Let s be h(11). What is the greatest common factor of 72 and s?
24
Suppose -3*d + 10 = -d - 5*i, 5*d - 52 = -i. Calculate the highest common factor of 20 and d.
10
Let d(h) = 93*h - 4. Let t be d(3). What is the greatest common divisor of 25 and t?
25
Let d = 56 - -25. Let k be (-4)/(-16) - (-70)/8. Calculate the highest common divisor of k and d.
9
Suppose 0 = -5*k - 5*n + 295, -k - 4*n + 36 + 11 = 0. Suppose -94 = -2*x + 2*p, -3*x + 79 = 2*p - 37. What is the highest common divisor of x and k?
21
Let l(t) be the third derivative of t**6/120 - t**5/15 + t**4/6 + 4*t**2. Let k be l(4). What is the greatest common divisor of k and 64?
16
Let m = -105 - -156. Calculate the greatest common divisor of m and 34.
17
Suppose -2*b + 57 + 79 = 0. Calculate the highest common factor of b and 17.
17
Let d = 150 + -73. Calculate the greatest common divisor of 7 and d.
7
Let x = -35 - -188. What is the greatest common divisor of x and 17?
17
Let j = 5 + -1. Suppose -c + 50 = 2*c + 5*x, j*c - 48 = -2*x. Calculate the greatest common divisor of c and 10.
10
Suppose 10*a - 6*a - p - 88 = 0, 2*a - 50 = 2*p. Calculate the greatest common factor of 56 and a.
7
Let x(y) = y**2 + 7*y + 3. Let m be x(-6). Let p = m + 23. Suppose -w = k - p, -12 = -w + 5*k - 2*k. Calculate the greatest common divisor of 36 and w.
18
Suppose l = 7 - 1. Let y(z) = 15*z**2 + z + 1. Let i be y(-1). What is the highest common factor of i and l?
3
Let a be 12/5 - 2/5. Calculate the highest common factor of 10 and a.
2
Let g(v) = v**2 - 2*v - 4. Let y be (-1)/4 + 119/28. Let b be g(y). Calculate the greatest common factor of 4 and b.
4
Suppose -11 = -7*d + 31. Calculate the greatest common divisor of d and 3.
3
Let r = 9 + -1. Let j be ((-60)/9 + 4)*-21. What is the greatest common factor of j and r?
8
Let b = -26 + 48. Let u = b - 5. Calculate the highest common factor of 17 and u.
17
Suppose 0 = -4*q + 5*k + 11 + 5, 2*q = -3*k + 8. Suppose -q*l = l - 50. Calculate the highest common divisor of l and 10.
10
Let z be (-24)/40 - (-33)/5. What is the highest common factor of 6 and z?
6
Let z = 94 + -66. Suppose q = 6*q - 3*o + 5, 2*o - 2 = 4*q. Let w be 12/9*(1 + q). Calcula